)/4 + (-1)/24*-6. Let k = m + 561. What is the units digit of k?
6
Suppose -174*h = -162*h - 38604. What is the hundreds digit of h?
2
Let d(x) = 5*x**2 + 4*x - 22. Let o be d(-7). Suppose 4*w = w + o. What is the tens digit of w?
6
Let q = -2572 + 3844. What is the units digit of q?
2
Let v(c) = -c**3 - 15*c**2 - 2*c - 22. Let t be v(-15). Suppose t*b - 234 = 5*b. What is the units digit of b?
8
Suppose 7*g = 36*g - 19488. What is the tens digit of g?
7
Let x(w) = -30*w - 35. Let f be x(4). Let n = 251 + f. What is the tens digit of n?
9
Let j = -66 + 70. Suppose -34 = -3*d - 3*r + 26, 2*r + 32 = d. Suppose j*m - 2*m = d. What is the tens digit of m?
1
Suppose 1 = -0*g + g. Suppose c = -0 + g. Let i(v) = 9*v**2 + 2*v - 1. What is the tens digit of i(c)?
1
Suppose 0 = -6*q + 7310 - 530. What is the units digit of q?
0
Suppose 0 = -34*i + 84458 + 10810. What is the units digit of i?
2
Let k(w) = 222*w**2 - w + 23. What is the tens digit of k(4)?
7
Suppose 3*p + p = -172. Let i = -17 - p. Let u = i + 13. What is the tens digit of u?
3
Suppose 427*c = 422*c + 8870. What is the hundreds digit of c?
7
Suppose -7*s + 60 = 8*s. Suppose 338 + 334 = s*i. What is the hundreds digit of i?
1
Let t be 2/(-6) + (3 - 726/(-18)). Suppose -5*x + 12 = -t. What is the units digit of x?
1
Let y = -10 + 21. Let o(r) = 3*r - 4. What is the tens digit of o(y)?
2
Let u be 2/(-4)*(-8 + 10). Let d be (1 - u)/2 - -3. Suppose -26 = -d*q + 50. What is the units digit of q?
9
Suppose -2*i = -4*i. Let j(b) = -3*b**2 + 43*b - 12. Let f be j(14). Suppose i = -0*m + f*m - 34. What is the units digit of m?
7
Suppose 3*y - 4*y + 43 = f, 4*y = 2*f - 74. Suppose 0 = 3*r - f + 11. What is the units digit of r?
0
Let n be (-2584)/187 + (8/22)/(-2). Let y be -15*5*(-1)/3. Let q = y - n. What is the tens digit of q?
3
Let d = 2 - 5. What is the units digit of 2*(56 + 2*d/12)?
1
Suppose 9*u - 1000 - 5426 = 0. What is the hundreds digit of u?
7
Let w(u) = 317*u - 29. What is the tens digit of w(4)?
3
Let a = 331 + 998. What is the tens digit of a?
2
Let w be ((-903)/(-4))/((-6)/16). Let y = -354 - w. What is the tens digit of y?
4
Suppose 0 = -53*m + 49*m + 1256. What is the units digit of m?
4
Suppose 2 = 5*u - 23. Suppose -31 + 132 = 4*c - u*i, 5 = -i. What is the tens digit of c?
1
Let s(a) = -2*a**2 + 11*a + 6. Let r be s(6). Suppose 0 = -t - 2*v + 53, 3*t + 5*v - 151 - 10 = r. What is the tens digit of t?
5
Suppose 1084*k = 1083*k + 80. What is the tens digit of k?
8
Let y = -3006 + 7173. What is the hundreds digit of y?
1
Let r(q) be the second derivative of -11*q**3/6 + q**2 + 5*q. What is the tens digit of r(-2)?
2
Let y(g) = 35*g**2 + 27*g - 188. What is the thousands digit of y(6)?
1
Let z(c) = c**2 - 10*c - 8. Let t be (4/(-8))/((-1)/22). What is the units digit of z(t)?
3
Let t(z) = 5*z**2 + z. Let j be t(-1). Let a = -7 + j. What is the tens digit of (a + 29 - 1) + -4?
2
Let v be ((4/1)/(-4))/((-3)/105). Suppose -2*w + v = -141. What is the units digit of w?
8
Suppose -d + 3*d = 0. Suppose d*b + 4*b - 8 = 0. Suppose -s + 2*z = -28, -2*z + b = -z. What is the tens digit of s?
3
Suppose 4*j = 2*a + 22, -3*j - a + 4*a = -21. Suppose -2 = -j*z - 14. What is the units digit of ((-1)/z - -2)*3?
7
Let p = 1426 - 147. What is the units digit of p?
9
Let a(l) be the first derivative of -l**3/3 + 19*l**2/2 + 12*l + 7. Let i be a(15). Suppose t - 4 = 0, -i = -2*o + 3*t - 4*t. What is the units digit of o?
4
Let p be (-1*10 + -1)*-1. Suppose 6*c = p*c + 780. What is the units digit of (c/(-16) - 1)*4?
5
Suppose x = 3*b - 17, -3*b = b - 3*x - 26. Suppose 3*d - 2*d + 4*k - 19 = 0, -b*d + k = -158. What is the units digit of d?
1
Let s(z) = -z**3 - 4*z**2 - 4*z - 2. Let r(q) = 6*q + 27. Let t be r(-5). What is the units digit of s(t)?
1
Let r(h) = h**2 - 5*h + 4. Let s be r(4). Suppose 2*j + 0*j = -2*f + 8, s = 5*f + 4*j - 18. Suppose f*g - 31 = 27. What is the tens digit of g?
2
Let o(y) = 7*y**2 + y - 14. Let a be o(9). What is the units digit of a/18 + 28/(-126)?
1
Let p be 3/(-3) - -1 - -5. Suppose -a = -35 - 56. Suppose -4*j - 111 = -5*z, -a = -p*z - 0*j - j. What is the tens digit of z?
1
Let u be (-16)/(-24) - 4/(-3). Suppose -u*p + 18 = -p. Let c = p - 2. What is the tens digit of c?
1
Let z(s) = 13*s + 1. Let k be z(1). Suppose -5*m + 4*j + 22 = 0, -4*m - 4*j = -3*m - k. Suppose -d - m = -4*d. What is the units digit of d?
2
Suppose -7566 = -27*m + 4935. What is the units digit of m?
3
Let u(n) = -10*n - 21. Let w(t) = -169 - 3*t - 2*t + 159. Let j(b) = -4*u(b) + 7*w(b). What is the units digit of j(6)?
4
Let j(f) = f**3 - 14*f**2 + 23*f + 15. Let r be j(12). Suppose -2*g + r*g = -n + 152, 5*g - 760 = -4*n. What is the units digit of g?
2
Let u = -623 - -2389. What is the tens digit of u?
6
Let q = -7 + 10. Suppose -5*r - m = 207, q*r + 47 + 70 = 3*m. Let u = r + 71. What is the tens digit of u?
3
Let n(d) be the third derivative of 7*d**6/360 - d**5/20 - d**4/3 + 4*d**2. Let a(r) be the second derivative of n(r). What is the tens digit of a(2)?
2
Suppose -s = 5*g - 240, 0*s - 220 = -5*g + 3*s. Suppose 0 = 2*m + g - 633. What is the units digit of m?
3
Suppose 0*g + 3*g - 5*s = -11, 0 = 4*g - 2*s + 38. What is the tens digit of g/(-1) + (21/7)/1?
1
Let y be -3 + 1 + 4 - -3. Suppose y*s - 30 - 60 = -3*r, 2*r - 44 = 2*s. What is the units digit of r?
5
Let o = -10 + 12. Suppose -4*j + 9*x = 4*x - 12, -2*x + 6 = o*j. Suppose -z + 7 = -4*r, j*z + 2*z - 52 = 3*r. What is the units digit of z?
1
Let m(v) = -230*v + 228. What is the thousands digit of m(-4)?
1
Suppose -2*w - 15 = d, w + 3*d + 8 = 2*d. What is the hundreds digit of -74*(3/2)/(w - -6)?
1
Suppose 4 - 19 = 3*q. Let g = -2 - q. What is the units digit of g?
3
Let v = 323 - -3874. What is the hundreds digit of v?
1
Let a(r) = -r**3 + 11*r**2 - 3*r - 14. Suppose d = 4*k - 37, -3*k = -6*k + 2*d + 24. Suppose -5*i = -4*i - k. What is the units digit of a(i)?
6
Let d = -23 - -25. Suppose -z - 4*c - 54 = 0, -z - 3*c = -d*z - 33. Let n = 95 + z. What is the tens digit of n?
5
What is the thousands digit of ((-4)/(-8)*6)/(-1) - -1606?
1
Let m(o) = 2*o**2 - 9*o + 1. Suppose 0 = 4*y - 12, -5*w + 4*y = -5 - 13. What is the units digit of m(w)?
9
Suppose 0 = -4*g + 3 + 5. Let p = -93 - -99. Suppose -s + 210 = 5*b, -g*b + s - 169 = -p*b. What is the units digit of b?
1
Let p be 1 + -2 + 4 - -1. Suppose -4*f = p*f - 520. What is the tens digit of f?
6
Let g(j) = 47*j**2 + 2*j. Let b be g(-1). Let v = b - 22. What is the units digit of v?
3
Let u be -2 - (3 - -3)*-1. What is the tens digit of u/(-2) + 22 + 3?
2
Let g(m) = 318*m**2 + 6*m - 1. What is the hundreds digit of g(4)?
1
Let f(d) = -18*d + 184. What is the units digit of f(6)?
6
Suppose -3*m - 3*x + 11 = -m, 4*x = 5*m - 39. Suppose m*u - 607 = 9. What is the tens digit of u?
8
Suppose -2*y - y - 12 = -5*f, 0 = 5*f - 2*y - 8. What is the units digit of (3/(-9) - f)/(1/(-93))?
1
Let j(n) = -n. Let g be j(-4). Suppose -v = 3*v - 5*a + 33, g*v - 3*a = -39. Let r = 9 - v. What is the tens digit of r?
2
Let c = -4 + 4. Suppose d - 3 = -c, -3*d = 5*q - 404. What is the tens digit of q?
7
Let m be 2*(-2 + 9 - -2). Suppose m = -4*w + 262. What is the tens digit of w?
6
Suppose -9*l + 935 = -4*l. Let f = 269 - l. What is the units digit of f?
2
Let y(o) = 6*o**2 - 113*o + 27. What is the units digit of y(23)?
2
Suppose -13*o = -127 - 29. Suppose -2*t = -o*t + 1500. What is the units digit of t?
0
Let y(l) = -l**2 + 11*l + 13. Suppose -3*q + 21 = z, 3*z = 5*q + 35 - 14. Suppose z*h + 27 = 15*h. What is the tens digit of y(h)?
3
What is the hundreds digit of ((-18306)/36 + -14)*(-1 + -3)?
0
Let h(g) be the second derivative of g**5/20 - g**4/6 - g**2 + 35*g. What is the units digit of h(3)?
7
Let n be 0 + 2*(3 - -20). Let l = -32 + n. What is the units digit of 9/21 + 78/l?
6
Let b(d) = -d**2 - 12*d + 5. Let n be b(-11). Let w = -14 + n. What is the units digit of w?
2
Suppose 0 = 5*l - 4*l + g - 831, -3*l - g + 2499 = 0. What is the hundreds digit of l?
8
Let h(g) = -g**3 - 9*g**2 + 2*g - 5. Let c be h(-9). Let r = c - -35. What is the units digit of r?
2
Suppose 4*b = 4*w - 0*w + 32, 5*b = w + 28. Let v(q) = q**2 - 6*q + 7. Let x be v(b). Let h(m) = 7*m**3 - m**2 - 4. What is the tens d